t u(n) = n**3 - 27*n**2 + 130*n - 83. Give u(20).
-283
Let h(t) = -5*t**2 - 161*t - 29. Give h(-32).
3
Let q(g) = -g**3 + 2*g**2 + 555*g + 3446. What is q(-7)?
2
Let k(v) = 1863*v - 9314. Give k(5).
1
Let v(b) = -2*b**3 - 97*b**2 - 46*b + 89. Give v(-48).
-7
Let s(l) = l**2 - 5125*l + 56261. What is s(11)?
7
Let q(m) = 7*m**2 - 3*m + 7. What is q(3)?
61
Let m(x) = -x**2 + 47*x + 197. Give m(49).
99
Let u(v) = -v**2 + 24. Give u(11).
-97
Let t(n) = 2*n**3 - 10*n**2 + 27*n - 13. What is t(3)?
32
Let g(l) = 787*l + 6282. Determine g(-8).
-14
Let s(g) = 450*g - 1830. Determine s(4).
-30
Let r(i) = -44*i - 18. What is r(1)?
-62
Let c(x) = -1065*x - 30878. Determine c(-29).
7
Let w(a) = 2*a**3 + 33*a**2 + 81*a + 19. What is w(-13)?
149
Let m(o) = -o**3 - 85*o**2 - 1208*o - 44. Calculate m(-18).
-8
Let t(r) = -4*r**3 + 29*r**2 - 12*r + 9. Give t(8).
-279
Let o(z) = -6*z**2 - 35*z - 2. Determine o(-6).
-8
Let c(u) = -u**2 + 20*u + 348. Calculate c(-11).
7
Let i(c) = -c**3 + 158*c**2 - 912*c + 10. What is i(152)?
10
Let j(i) = 2*i**3 + 13*i - 3. Determine j(4).
177
Let p(w) = w**2 + 51*w + 197. Determine p(-47).
9
Let r(v) = 219*v - 5264. Calculate r(24).
-8
Let h(w) = -w**3 + 10*w**2 - 29*w - 6. Determine h(6).
-36
Let a(m) = -174*m - 4634. Calculate a(-27).
64
Let v(s) = -2*s**2 - 111*s - 1522. Calculate v(-27).
17
Let m(z) = -2*z**2 + 25*z - 48. What is m(12)?
-36
Let w(m) = 61*m + 8617. Give w(-141).
16
Let t(v) = -v**3 + v**2 - 19*v + 12. Calculate t(-5).
257
Let b(n) = 3*n**3 + 9*n**2 - 23*n - 12. Give b(2).
2
Let o(i) = -3*i**2 - 28*i + 57. What is o(-16)?
-263
Let p(s) = -32*s**3 + 5*s**2 + 9*s + 6. Calculate p(-1).
34
Let o(q) = 43*q - 905. What is o(21)?
-2
Let w(v) = v**2 + 81*v + 1002. Calculate w(-61).
-218
Let q(k) = -225*k**2 + 16*k + 17. Calculate q(-1).
-224
Let o(j) = -13*j**3 - 184*j**2 - 26*j + 8. Calculate o(-14).
-20
Let n(p) = -537*p - 3751. Determine n(-7).
8
Let u(q) = -128*q + 1275. Give u(10).
-5
Let x(k) = 2*k**3 + 102*k**2 - 939*k + 305. Calculate x(-59).
10
Let v(a) = -4*a**2 - 38*a + 12. Determine v(-6).
96
Let h(c) = -289*c - 15609. Determine h(-54).
-3
Let m(c) = -146*c - 870. What is m(-6)?
6
Let r(n) = 119*n + 1051. What is r(-9)?
-20
Let l(a) = -24*a**2 - 45*a - 91. Calculate l(-2).
-97
Let m(o) = -7*o + 89. Determine m(-8).
145
Let g(t) = t**3 - 22*t**2 - 183*t + 1305. What is g(27)?
9
Let g(u) = u**3 + 49*u**2 + 113*u + 842. What is g(-47)?
-51
Let k(t) = -t**2 + 38*t - 24. What is k(36)?
48
Let r(u) = 312*u + 622. Give r(-2).
-2
Let w(v) = 92*v**2 + 46*v - 94. Determine w(2).
366
Let z(l) = -l**3 - 28*l**2 + 60*l - 26. Determine z(-30).
-26
Let i(r) = -63*r - 733. What is i(-11)?
-40
Let n(a) = -a**3 - 50*a**2 + 104*a + 199. What is n(-52)?
199
Let c(q) = -9*q**3 + 3*q**2 + 4*q + 1. Determine c(-1).
9
Let g(k) = -k**3 - 82*k**2 - 517*k - 2. Calculate g(-7).
-58
Let b(g) = -4*g**2 + 36*g - 50. Determine b(6).
22
Let y(o) = -6*o**2 - 5*o + 9. Give y(2).
-25
Let n(g) = 3*g**3 + 30*g**2 + 66*g + 13. Determine n(-7).
-8
Let b(r) = r**3 + 29*r**2 - 7*r - 208. What is b(-29)?
-5
Let i(c) = 8*c**2 - 47*c + 9. Calculate i(6).
15
Let z(l) = -l**3 - 75*l**2 - 3*l + 5265. Calculate z(-74).
11
Let m(l) = 56*l + 190. Give m(-4).
-34
Let n(j) = -j**3 + 8*j**2 - 4*j - 1. Calculate n(1).
2
Let v(f) = 3*f**2 - 120*f - 448. Calculate v(-4).
80
Let o(j) = -22*j + 133. Give o(4).
45
Let i(k) = -2*k**3 - 54*k**2 - 24*k + 55. Determine i(-27).
703
Let t(n) = n**3 - 14*n**2 - 62*n - 185. Determine t(18).
-5
Let k(j) = j**3 + 12*j**2 + 26*j + 61. What is k(-13)?
-446
Let a(b) = 8*b**2 + 99*b - 96. What is a(-13)?
-31
Let g(r) = 15*r - 725. Give g(49).
10
Let h(k) = -64*k + 169. What is h(1)?
105
Let r(s) = 2*s**2 - 146*s + 421. Calculate r(70).
1
Let x(q) = -113*q**2 - 6. What is x(0)?
-6
Let v(y) = -3*y**3 + 3*y**2 - 2*y + 4. What is v(3)?
-56
Let v(y) = y**3 - 11*y**2 + 16*y - 22. Determine v(10).
38
Let u(w) = 8*w**2 + 23*w + 64. What is u(-9)?
505
Let p(z) = -8*z + 59. Calculate p(8).
-5
Let t(n) = -n**3 + 11*n**2 + 184*n + 69. Give t(-9).
33
Let l(p) = -3*p**3 + 2*p**2 - 12*p + 22. Give l(3).
-77
Let o(q) = 243*q + 3405. Calculate o(-14).
3
Let u(h) = -4*h**2 - 41*h + 225. What is u(9)?
-468
Let h(b) = 138*b**2 - 5518*b - 87. What is h(40)?
-7
Let k(g) = 21*g - 216. Give k(11).
15
Let r(c) = -14*c - 262. Calculate r(-8).
-150
Let l(t) = -t**3 - 123*t**2 + 2063*t + 107. Determine l(15).
2
Let k(u) = 2*u**2 + 148*u + 563. Give k(-70).
3
Let w(b) = 53*b + 3568. Determine w(-70).
-142
Let i(r) = 2*r**3 + 18*r**2 + 21*r - 9. What is i(-8)?
-49
Let i(r) = r**2 + 47*r + 385. Determine i(-31).
-111
Let d(n) = -n**2 - 203*n - 7851. Calculate d(-52).
1
Let b(q) = -24*q**3 + 6*q**2 + 11*q + 6. What is b(-3)?
675
Let f(z) = 15*z - 93. Give f(3).
-48
Let v(a) = -a**2 - 31*a + 677. Calculate v(14).
47
Let i(m) = 24*m + 120. Give i(-4).
24
Let y(b) = -8*b - 354. Give y(-11).
-266
Let c(j) = j**3 - 5*j**2 + 10*j - 202. Give c(8).
70
Let d(y) = -2*y**3 + 33*y**2 - 37*y - 4. Calculate d(15).
116
Let j(g) = -g**3 + 36*g**2 + 87*g - 188. What is j(38)?
230
Let a(z) = -19*z - 11. Determine a(5).
-106
Let f(s) = 43*s**2 - 7*s + 13. What is f(2)?
171
Let m(d) = 43*d + 263. Calculate m(-6).
5
Let v(g) = -131*g - 1086. Give v(-8).
-38
Let m(g) = g**2 + 4750*g + 9502. What is m(-2)?
6
Let z(t) = -t**2 - 164*t - 1216. Give z(-8).
32
Let u(q) = 2937*q - 129227. Determine u(44).
1
Let l(j) = j**2 - 1002*j - 6909. Determine l(-7).
154
Let a(h) = 36*h - 1711. Determine a(48).
17
Let q(i) = 43*i - 1860. Give q(43).
-11
Let j(d) = d**2 - 25*d + 53. Calculate j(23).
7
Let t(z) = 13*z + 843. Calculate t(-67).
-28
Let o(d) = -15*d - 412. What is o(-31)?
53
Let o(i) = 3*i - 75. Determine o(3).
-66
Let w(k) = 2*k**2 - 84*k - 6. Give w(42).
-6
Let x(l) = l**2 - 26*l + 107. What is x(20)?
-13
Let y(v) = 130*v + 1149. What is y(-9)?
-21
Let s(p) = 30*p + 82. Give s(-3).
-8
Let t(j) = -12*j**2 - 24*j - 49. Calculate t(-3).
-85
Let m(k) = -k**3 - 59*k**2 + 261*k + 15. Calculate m(4).
51
Let p(k) = -74*k + 3466. Give p(47).
-12
Let q(r) = -4363*r + 26176. Determine q(6).
-2
Let u(c) = 850*c + 2608. What is u(-3)?
58
Let u(c) = -26*c + 44. What is u(13)?
-294
Let h(g) = 174*g + 3658. What is h(-21)?
4
Let w(t) = t**3 - 33*t**2 + 244*t + 36. What is w(21)?
-132
Let m(f) = f**3 + 17*f**2 + 46*f - 162. Determine m(-7).
6
Let u(w) = -2*w**2 + 130*w - 84. What is u(65)?
-84
Let d(x) = -8*x**2 - 92*x - 62. What is d(-11)?
-18
Let l(c) = 41*c + 305. Determine l(-8).
-23
Let q(c) = -c**3 - 29*c**2 + 90*c - 184. Calculate q(-32).
8
Let a(n) = -20*n + 554. Give a(30).
-46
Let t(a) = 3*a**3 + 175*a**2 + 59*a + 85. What is t(-58)?
27
Let p(d) = 9*d**2 - 555*d - 185. Calculate p(62).
1
Let z(g) = -g**2 - 126*g - 379. Give z(-3).
-10
Let v(t) = t**3 - 26*t**2 + 28*t - 67. Give v(25).
8
Let r(y) = 6*y - 32. What is r(6)?
4
Let u(o) = -7*o**2 + 55*o - 21. Calculate u(8).
-29
Let b(y) = -56*y - 1590. Determine b(-28).
-22
Let s(q) = -2*q**2 - 17*q + 200. What is s(-15)?
5
Let l(v) = -v**3 + 13*v**2 - 13*v - 5. What is l(6)?
169
Let t(i) = -11*i**2 + 160*i - 574. Determine t(8).
2
Let f(c) = -7714*c - 208292. What is f(-27)?
-14
Let y(g) = g**3 - 18*g**2 - 13*g - 100. Calculate y(19).
14
Let r(g) = 2*g**2 + 69*g + 252. Calculate r(-4).
8
Let v(a) = 3*a**3 + 9*a**2 + 24*a + 22. Give v(-6).
-446
Let g(c) = -140*c**2 - 53901*c - 379. What is g(-385)?
6
Let o(d) = d**3 + 6*d**2 + 9*d + 67. What is o(-6)?
13
Let n(f) = -f**3 + 50*f**2 - 48*f - 131. What is n(49)?
-82
Let a(o) = o**3 - 41*o**2 - 322*o - 604. Give a(48).
68
Let p(k) = -k**3 + 51*k**2 + 67*k - 3323. What is p(51)?
94
Let z(n) = -3*n**2 - 62*n - 136. Determine z(-16).
88
Let a(s) = -2*s**3 + 34*s**2 + 45*s - 74. Give a(18).
88
Let y(r) = 21*r**2 + 1157*r + 142. Calculate y(-55).
32
Let c(r) = 6803*r - 88423. Calculate c(13).
16
Let r(g) = -4*g**2 - 313*g - 79. Give r(-78).
-1
Let a(f) = -f**3 - 5*f**2 + 28*f + 117. Determine a(-6).
-15
Let p(z) = -6*z - 38. Determine p(-34).
166
Let i(q) = 169*q - 7033. What is i(41)?
-104
Let v(n) = -n**3 - 9*n**2 - 112*n - 1783. Give v(-12).
-7
Let g(t) = -59*t + 1341. Calculate g(23).
-16
Let r(t) = t**2 + 62*t + 440. Give r(-8).
8
Let j(n) = -n**3 + 6*n**2 + 93*n - 553. Determine j(6).
5
Let f(s